
{"id":120614,"date":"2024-10-04T09:14:03","date_gmt":"2024-10-04T07:14:03","guid":{"rendered":"https:\/\/ibecbarcelona.eu\/event\/ibec-seminar-raul-andero-gali\/"},"modified":"2024-11-19T10:23:40","modified_gmt":"2024-11-19T09:23:40","slug":"ibec-seminar-raul-andero-gali","status":"publish","type":"tribe_events","link":"https:\/\/ibecbarcelona.eu\/ca\/event\/ibec-seminar-raul-andero-gali\/","title":{"rendered":"IBEC Seminar: Ra\u00fcl Andero Gal\u00ed"},"content":{"rendered":"<h3><strong>Translating fear mechanisms between humans and mice<\/strong><\/h3>\n<p><em>Ra\u00fcl Andero Gal\u00ed, PhD, ICREA Research Professor at the Institute of Neurosciences of the Autonomous University of Barcelona<\/em><\/p>\n<p>Sex-specific mechanisms in fear memory and extinction may explain certain neuropsychiatric disorders like Post-Traumatic Stress Disorder (PTSD). In male mice, chemogenetic silencing of centromedial amygdala (CeM)-Tac2 fibers in the lateral posterior part of the Bed Nucleus of the Stria Terminalis (BNSTpl) impaired fear memory, while optogenetic excitation enhanced inhibitory postsynaptic currents.\u00a0<em>In vivo<\/em> calcium imaging in freely moving mice revealed a sex-dimorphic fear memory engram in the BNSTpl. In humans, the TAC3R single nucleotide polymorphism (SNP) (rs2765) reduced CeM-BNST connectivity and impaired fear memory in men but not women. In a different study, female mice subjected to acute stress exhibited fear extinction impairments linked to hypothalamic Pacap and Pac1R upregulation. Similar fear extinction deficits were observed in women with PTSD carriers of the PAC1R SNP (rs2267735). Together, these studies highlight sex-differences in neural circuits regulating fear memory, which may influence vulnerability to PTSD.<\/p>\n<p><em>Please contact Silvia Pittolo if you would like to meet the speaker: spittolo@ibecbarcelona.eu<\/em><\/p>\n","protected":false},"excerpt":{"rendered":"<p>Translating fear mechanisms between humans and mice Ra\u00fcl Andero Gal\u00ed, PhD, ICREA Research Professor at the Institute of Neurosciences of the Autonomous University of Barcelona Sex-specific mechanisms in fear memory &#8230; <a title=\"IBEC Seminar: Ra\u00fcl Andero Gal\u00ed\" class=\"read-more\" href=\"https:\/\/ibecbarcelona.eu\/ca\/event\/ibec-seminar-raul-andero-gali\/\" aria-label=\"More on IBEC Seminar: Ra\u00fcl Andero Gal\u00ed\">Read more<\/a><\/p>\n","protected":false},"author":28,"featured_media":0,"template":"","meta":{"_tribe_events_status":"","_tribe_events_status_reason":"","footnotes":""},"tags":[],"tribe_events_cat":[354],"class_list":["post-120614","tribe_events","type-tribe_events","status-publish","hentry","tribe_events_cat-ibec-seminar-ca","cat_ibec-seminar-ca"],"yoast_head":"<!-- This site is optimized with the Yoast SEO plugin v27.5 - https:\/\/yoast.com\/product\/yoast-seo-wordpress\/ -->\n<title>IBEC Seminar: Ra\u00fcl Andero Gal\u00ed - Institute for Bioengineering of Catalonia<\/title>\n<meta name=\"robots\" content=\"index, follow, max-snippet:-1, max-image-preview:large, max-video-preview:-1\" \/>\n<link rel=\"canonical\" href=\"https:\/\/ibecbarcelona.eu\/ca\/event\/ibec-seminar-raul-andero-gali\/\" \/>\n<meta property=\"og:locale\" content=\"ca_ES\" \/>\n<meta property=\"og:type\" content=\"article\" \/>\n<meta property=\"og:title\" content=\"IBEC Seminar: Ra\u00fcl Andero Gal\u00ed - Institute for Bioengineering of Catalonia\" \/>\n<meta property=\"og:description\" content=\"Translating fear mechanisms between humans and mice Ra\u00fcl Andero Gal\u00ed, PhD, ICREA Research Professor at the Institute of Neurosciences of the Autonomous University of Barcelona Sex-specific mechanisms in fear memory ... Read more\" \/>\n<meta property=\"og:url\" content=\"https:\/\/ibecbarcelona.eu\/ca\/event\/ibec-seminar-raul-andero-gali\/\" \/>\n<meta property=\"og:site_name\" content=\"Institute for Bioengineering of Catalonia\" \/>\n<meta property=\"article:modified_time\" content=\"2024-11-19T09:23:40+00:00\" \/>\n<meta name=\"twitter:card\" content=\"summary_large_image\" \/>\n<meta name=\"twitter:label1\" content=\"Temps estimat de lectura\" \/>\n\t<meta name=\"twitter:data1\" content=\"1 minut\" \/>\n<script type=\"application\/ld+json\" class=\"yoast-schema-graph\">{\"@context\":\"https:\\\/\\\/schema.org\",\"@graph\":[{\"@type\":\"WebPage\",\"@id\":\"https:\\\/\\\/ibecbarcelona.eu\\\/ca\\\/event\\\/ibec-seminar-raul-andero-gali\\\/\",\"url\":\"https:\\\/\\\/ibecbarcelona.eu\\\/ca\\\/event\\\/ibec-seminar-raul-andero-gali\\\/\",\"name\":\"IBEC Seminar: Ra\u00fcl Andero Gal\u00ed - Institute for Bioengineering of Catalonia\",\"isPartOf\":{\"@id\":\"https:\\\/\\\/ibecbarcelona.eu\\\/#website\"},\"datePublished\":\"2024-10-04T07:14:03+00:00\",\"dateModified\":\"2024-11-19T09:23:40+00:00\",\"breadcrumb\":{\"@id\":\"https:\\\/\\\/ibecbarcelona.eu\\\/ca\\\/event\\\/ibec-seminar-raul-andero-gali\\\/#breadcrumb\"},\"inLanguage\":\"ca\",\"potentialAction\":[{\"@type\":\"ReadAction\",\"target\":[\"https:\\\/\\\/ibecbarcelona.eu\\\/ca\\\/event\\\/ibec-seminar-raul-andero-gali\\\/\"]}]},{\"@type\":\"BreadcrumbList\",\"@id\":\"https:\\\/\\\/ibecbarcelona.eu\\\/ca\\\/event\\\/ibec-seminar-raul-andero-gali\\\/#breadcrumb\",\"itemListElement\":[{\"@type\":\"ListItem\",\"position\":1,\"name\":\"Home\",\"item\":\"https:\\\/\\\/ibecbarcelona.eu\\\/ca\\\/\"},{\"@type\":\"ListItem\",\"position\":2,\"name\":\"Eventos\",\"item\":\"https:\\\/\\\/ibecbarcelona.eu\\\/es\\\/calendar\\\/\"},{\"@type\":\"ListItem\",\"position\":3,\"name\":\"IBEC Seminar: Ra\u00fcl Andero Gal\u00ed\"}]},{\"@type\":\"WebSite\",\"@id\":\"https:\\\/\\\/ibecbarcelona.eu\\\/#website\",\"url\":\"https:\\\/\\\/ibecbarcelona.eu\\\/\",\"name\":\"Institute for Bioengineering of Catalonia\",\"description\":\"Bioengineering Solutions for Health\",\"publisher\":{\"@id\":\"https:\\\/\\\/ibecbarcelona.eu\\\/#organization\"},\"potentialAction\":[{\"@type\":\"SearchAction\",\"target\":{\"@type\":\"EntryPoint\",\"urlTemplate\":\"https:\\\/\\\/ibecbarcelona.eu\\\/?s={search_term_string}\"},\"query-input\":{\"@type\":\"PropertyValueSpecification\",\"valueRequired\":true,\"valueName\":\"search_term_string\"}}],\"inLanguage\":\"ca\"},{\"@type\":\"Organization\",\"@id\":\"https:\\\/\\\/ibecbarcelona.eu\\\/#organization\",\"name\":\"Institute for Bioengineering of Catalonia\",\"url\":\"https:\\\/\\\/ibecbarcelona.eu\\\/\",\"logo\":{\"@type\":\"ImageObject\",\"inLanguage\":\"ca\",\"@id\":\"https:\\\/\\\/ibecbarcelona.eu\\\/#\\\/schema\\\/logo\\\/image\\\/\",\"url\":\"https:\\\/\\\/ibecbarcelona.eu\\\/wp-content\\\/uploads\\\/2026\\\/01\\\/cropped-IBEC_20ANYS_GRIS.png\",\"contentUrl\":\"https:\\\/\\\/ibecbarcelona.eu\\\/wp-content\\\/uploads\\\/2026\\\/01\\\/cropped-IBEC_20ANYS_GRIS.png\",\"width\":696,\"height\":257,\"caption\":\"Institute for Bioengineering of Catalonia\"},\"image\":{\"@id\":\"https:\\\/\\\/ibecbarcelona.eu\\\/#\\\/schema\\\/logo\\\/image\\\/\"}}]}<\/script>\n<!-- \/ Yoast SEO plugin. -->","yoast_head_json":{"title":"IBEC Seminar: Ra\u00fcl Andero Gal\u00ed - Institute for Bioengineering of Catalonia","robots":{"index":"index","follow":"follow","max-snippet":"max-snippet:-1","max-image-preview":"max-image-preview:large","max-video-preview":"max-video-preview:-1"},"canonical":"https:\/\/ibecbarcelona.eu\/ca\/event\/ibec-seminar-raul-andero-gali\/","og_locale":"ca_ES","og_type":"article","og_title":"IBEC Seminar: Ra\u00fcl Andero Gal\u00ed - Institute for Bioengineering of Catalonia","og_description":"Translating fear mechanisms between humans and mice Ra\u00fcl Andero Gal\u00ed, PhD, ICREA Research Professor at the Institute of Neurosciences of the Autonomous University of Barcelona Sex-specific mechanisms in fear memory ... Read more","og_url":"https:\/\/ibecbarcelona.eu\/ca\/event\/ibec-seminar-raul-andero-gali\/","og_site_name":"Institute for Bioengineering of Catalonia","article_modified_time":"2024-11-19T09:23:40+00:00","twitter_card":"summary_large_image","twitter_misc":{"Temps estimat de lectura":"1 minut"},"schema":{"@context":"https:\/\/schema.org","@graph":[{"@type":"WebPage","@id":"https:\/\/ibecbarcelona.eu\/ca\/event\/ibec-seminar-raul-andero-gali\/","url":"https:\/\/ibecbarcelona.eu\/ca\/event\/ibec-seminar-raul-andero-gali\/","name":"IBEC Seminar: Ra\u00fcl Andero Gal\u00ed - Institute for Bioengineering of Catalonia","isPartOf":{"@id":"https:\/\/ibecbarcelona.eu\/#website"},"datePublished":"2024-10-04T07:14:03+00:00","dateModified":"2024-11-19T09:23:40+00:00","breadcrumb":{"@id":"https:\/\/ibecbarcelona.eu\/ca\/event\/ibec-seminar-raul-andero-gali\/#breadcrumb"},"inLanguage":"ca","potentialAction":[{"@type":"ReadAction","target":["https:\/\/ibecbarcelona.eu\/ca\/event\/ibec-seminar-raul-andero-gali\/"]}]},{"@type":"BreadcrumbList","@id":"https:\/\/ibecbarcelona.eu\/ca\/event\/ibec-seminar-raul-andero-gali\/#breadcrumb","itemListElement":[{"@type":"ListItem","position":1,"name":"Home","item":"https:\/\/ibecbarcelona.eu\/ca\/"},{"@type":"ListItem","position":2,"name":"Eventos","item":"https:\/\/ibecbarcelona.eu\/es\/calendar\/"},{"@type":"ListItem","position":3,"name":"IBEC Seminar: Ra\u00fcl Andero Gal\u00ed"}]},{"@type":"WebSite","@id":"https:\/\/ibecbarcelona.eu\/#website","url":"https:\/\/ibecbarcelona.eu\/","name":"Institute for Bioengineering of Catalonia","description":"Bioengineering Solutions for Health","publisher":{"@id":"https:\/\/ibecbarcelona.eu\/#organization"},"potentialAction":[{"@type":"SearchAction","target":{"@type":"EntryPoint","urlTemplate":"https:\/\/ibecbarcelona.eu\/?s={search_term_string}"},"query-input":{"@type":"PropertyValueSpecification","valueRequired":true,"valueName":"search_term_string"}}],"inLanguage":"ca"},{"@type":"Organization","@id":"https:\/\/ibecbarcelona.eu\/#organization","name":"Institute for Bioengineering of Catalonia","url":"https:\/\/ibecbarcelona.eu\/","logo":{"@type":"ImageObject","inLanguage":"ca","@id":"https:\/\/ibecbarcelona.eu\/#\/schema\/logo\/image\/","url":"https:\/\/ibecbarcelona.eu\/wp-content\/uploads\/2026\/01\/cropped-IBEC_20ANYS_GRIS.png","contentUrl":"https:\/\/ibecbarcelona.eu\/wp-content\/uploads\/2026\/01\/cropped-IBEC_20ANYS_GRIS.png","width":696,"height":257,"caption":"Institute for Bioengineering of Catalonia"},"image":{"@id":"https:\/\/ibecbarcelona.eu\/#\/schema\/logo\/image\/"}}]}},"AFP_featured_media_urls":{"full":false,"thumbnail":false,"medium":false,"medium_large":false,"large":false},"AFP_attachments":[],"AFP_videos":[],"AFP_video_blocks":"","AFP_category_names":[],"_links":{"self":[{"href":"https:\/\/ibecbarcelona.eu\/ca\/wp-json\/wp\/v2\/tribe_events\/120614","targetHints":{"allow":["GET"]}}],"collection":[{"href":"https:\/\/ibecbarcelona.eu\/ca\/wp-json\/wp\/v2\/tribe_events"}],"about":[{"href":"https:\/\/ibecbarcelona.eu\/ca\/wp-json\/wp\/v2\/types\/tribe_events"}],"author":[{"embeddable":true,"href":"https:\/\/ibecbarcelona.eu\/ca\/wp-json\/wp\/v2\/users\/28"}],"version-history":[{"count":2,"href":"https:\/\/ibecbarcelona.eu\/ca\/wp-json\/wp\/v2\/tribe_events\/120614\/revisions"}],"predecessor-version":[{"id":121618,"href":"https:\/\/ibecbarcelona.eu\/ca\/wp-json\/wp\/v2\/tribe_events\/120614\/revisions\/121618"}],"wp:attachment":[{"href":"https:\/\/ibecbarcelona.eu\/ca\/wp-json\/wp\/v2\/media?parent=120614"}],"wp:term":[{"taxonomy":"post_tag","embeddable":true,"href":"https:\/\/ibecbarcelona.eu\/ca\/wp-json\/wp\/v2\/tags?post=120614"},{"taxonomy":"tribe_events_cat","embeddable":true,"href":"https:\/\/ibecbarcelona.eu\/ca\/wp-json\/wp\/v2\/tribe_events_cat?post=120614"}],"curies":[{"name":"wp","href":"https:\/\/api.w.org\/{rel}","templated":true}]}}

IBEC Seminar: Raül Andero Galí

<h3><strong>Translating fear mechanisms between humans and mice</strong></h3>
<p><em>Raül Andero Galí, PhD, ICREA Research Professor at the Institute of Neurosciences of the Autonomous University of Barcelona</em></p>
<p>Sex-specific mechanisms in fear memory and extinction may explain certain neuropsychiatric disorders like Post-Traumatic Stress Disorder (PTSD). In male mice, chemogenetic silencing of centromedial amygdala (CeM)-Tac2 fibers in the lateral posterior part of the Bed Nucleus of the Stria Terminalis (BNSTpl) impaired fear memory, while optogenetic excitation enhanced inhibitory postsynaptic currents. <em>In vivo</em> calcium imaging in freely moving mice revealed a sex-dimorphic fear memory engram in the BNSTpl. In humans, the TAC3R single nucleotide polymorphism (SNP) (rs2765) reduced CeM-BNST connectivity and impaired fear memory in men but not women. In a different study, female mice subjected to acute stress exhibited fear extinction impairments linked to hypothalamic Pacap and Pac1R upregulation. Similar fear extinction deficits were observed in women with PTSD carriers of the PAC1R SNP (rs2267735). Together, these studies highlight sex-differences in neural circuits regulating fear memory, which may influence vulnerability to PTSD.</p>
<p><em>Please contact Silvia Pittolo if you would like to meet the speaker: spittolo@ibecbarcelona.eu</em></p>

<p>Translating fear mechanisms between humans and mice Raül Andero Galí, PhD, ICREA Research Professor at the Institute of Neurosciences of the Autonomous University of Barcelona Sex-specific mechanisms in fear memory &#8230; <a title="IBEC Seminar: Raül Andero Galí" class="read-more" href="https://ibecbarcelona.eu/ca/event/ibec-seminar-raul-andero-gali/" aria-label="More on IBEC Seminar: Raül Andero Galí">Read more</a></p>

<!-- This site is optimized with the Yoast SEO plugin v27.5 - https://yoast.com/product/yoast-seo-wordpress/ -->
<title>IBEC Seminar: Raül Andero Galí - Institute for Bioengineering of Catalonia</title>
<meta name="robots" content="index, follow, max-snippet:-1, max-image-preview:large, max-video-preview:-1" />
<link rel="canonical" href="https://ibecbarcelona.eu/ca/event/ibec-seminar-raul-andero-gali/" />
<meta property="og:locale" content="ca_ES" />
<meta property="og:type" content="article" />
<meta property="og:title" content="IBEC Seminar: Raül Andero Galí - Institute for Bioengineering of Catalonia" />
<meta property="og:description" content="Translating fear mechanisms between humans and mice Raül Andero Galí, PhD, ICREA Research Professor at the Institute of Neurosciences of the Autonomous University of Barcelona Sex-specific mechanisms in fear memory ... Read more" />
<meta property="og:url" content="https://ibecbarcelona.eu/ca/event/ibec-seminar-raul-andero-gali/" />
<meta property="og:site_name" content="Institute for Bioengineering of Catalonia" />
<meta property="article:modified_time" content="2024-11-19T09:23:40+00:00" />
<meta name="twitter:card" content="summary_large_image" />
<meta name="twitter:label1" content="Temps estimat de lectura" />
	<meta name="twitter:data1" content="1 minut" />
<script type="application/ld+json" class="yoast-schema-graph">{"@context":"https:\/\/schema.org","@graph":[{"@type":"WebPage","@id":"https:\/\/ibecbarcelona.eu\/ca\/event\/ibec-seminar-raul-andero-gali\/","url":"https:\/\/ibecbarcelona.eu\/ca\/event\/ibec-seminar-raul-andero-gali\/","name":"IBEC Seminar: Raül Andero Galí - Institute for Bioengineering of Catalonia","isPartOf":{"@id":"https:\/\/ibecbarcelona.eu\/#website"},"datePublished":"2024-10-04T07:14:03+00:00","dateModified":"2024-11-19T09:23:40+00:00","breadcrumb":{"@id":"https:\/\/ibecbarcelona.eu\/ca\/event\/ibec-seminar-raul-andero-gali\/#breadcrumb"},"inLanguage":"ca","potentialAction":[{"@type":"ReadAction","target":["https:\/\/ibecbarcelona.eu\/ca\/event\/ibec-seminar-raul-andero-gali\/"]}]},{"@type":"BreadcrumbList","@id":"https:\/\/ibecbarcelona.eu\/ca\/event\/ibec-seminar-raul-andero-gali\/#breadcrumb","itemListElement":[{"@type":"ListItem","position":1,"name":"Home","item":"https:\/\/ibecbarcelona.eu\/ca\/"},{"@type":"ListItem","position":2,"name":"Eventos","item":"https:\/\/ibecbarcelona.eu\/es\/calendar\/"},{"@type":"ListItem","position":3,"name":"IBEC Seminar: Raül Andero Galí"}]},{"@type":"WebSite","@id":"https:\/\/ibecbarcelona.eu\/#website","url":"https:\/\/ibecbarcelona.eu\/","name":"Institute for Bioengineering of Catalonia","description":"Bioengineering Solutions for Health","publisher":{"@id":"https:\/\/ibecbarcelona.eu\/#organization"},"potentialAction":[{"@type":"SearchAction","target":{"@type":"EntryPoint","urlTemplate":"https:\/\/ibecbarcelona.eu\/?s={search_term_string}"},"query-input":{"@type":"PropertyValueSpecification","valueRequired":true,"valueName":"search_term_string"}}],"inLanguage":"ca"},{"@type":"Organization","@id":"https:\/\/ibecbarcelona.eu\/#organization","name":"Institute for Bioengineering of Catalonia","url":"https:\/\/ibecbarcelona.eu\/","logo":{"@type":"ImageObject","inLanguage":"ca","@id":"https:\/\/ibecbarcelona.eu\/#\/schema\/logo\/image\/","url":"https:\/\/ibecbarcelona.eu\/wp-content\/uploads\/2026\/01\/cropped-IBEC_20ANYS_GRIS.png","contentUrl":"https:\/\/ibecbarcelona.eu\/wp-content\/uploads\/2026\/01\/cropped-IBEC_20ANYS_GRIS.png","width":696,"height":257,"caption":"Institute for Bioengineering of Catalonia"},"image":{"@id":"https:\/\/ibecbarcelona.eu\/#\/schema\/logo\/image\/"}}]}</script>
<!-- / Yoast SEO plugin. -->

IBEC Seminar: Raül Andero Galí - Institute for Bioengineering of Catalonia

Translating fear mechanisms between humans and mice Raül Andero Galí, PhD, ICREA Research Professor at the Institute of Neurosciences of the Autonomous University of Barcelona Sex-specific mechanisms in fear memory ... Read more
