
{"id":89872,"date":"2022-01-04T13:52:56","date_gmt":"2022-01-04T12:52:56","guid":{"rendered":"https:\/\/ibecbarcelona.eu\/event\/phd-thesis-defence-ana-lopez-mengual\/"},"modified":"2022-01-04T13:52:56","modified_gmt":"2022-01-04T12:52:56","slug":"phd-thesis-defence-ana-lopez-mengual","status":"publish","type":"tribe_events","link":"https:\/\/ibecbarcelona.eu\/ca\/event\/phd-thesis-defence-ana-lopez-mengual\/","title":{"rendered":"PhD Thesis Defence: Ana L\u00f3pez Mengual"},"content":{"rendered":"<h2>Factores f\u00edsicos y moleculares implicados en la migraci\u00f3n celular y en el desarrollo de la corteza cerebral.<\/h2>\n<p><em>Ana L\u00f3pez Mengual, <a href=\"https:\/\/ibecbarcelona.eu\/neurobiotechnology\">Molecular and cellular neurobiotechnology group<\/a><\/em><\/p>\n<p><strong>Abstract<\/strong><\/p>\n<p>Cell migration acquires special relevance during embryonic development and tissue regeneration. During the development of the adult individual, cells multiply, differentiate and mature, having to move to their destination regions through migration. Once the adult individual has formed, these tissues can suffer damage, leading to an altered state. In this process of tissue regeneration, they try to set tissue homeostasis, cell migration is essential. This thesis analyses the mechanical factors involved in cell migration in brain development and neural regeneration, as a fundamental tool to understand these processes. OECs migrate greater distances over CXCL12 functionalized PLA 80\/20 nanofibers, thus responding to the chemotactic gradient. Measurements made with by means of BIO-AFM of the mouse embryonic brain reveals differences between the pallium and the subpallium. These differences determine the differential migration rates when transplanting explants of various origins outside their usual site and analysing the migration of Cajal-Retzius cells. In addition, Cajal-Retzius cells respond by calcium entry to the inhibition of mechanosensitive cation channels, changing their migration rate. So, we conclude that physical factors are a key factor involved in the migration and disposition of Cajal-Retzius cells.<\/p>\n<p>&nbsp;<\/p>\n<hr \/>\n<p>&nbsp;<\/p>\n<p>&nbsp;<\/p>\n<p>The public event will take place in the Sala de Graus of the Faculty of Biology of the UB on January 12 at 11:30.\u00a0If you prefer to attend to this defence virtually, contact with Ana L\u00f3pez (alopezm@ibecbarcelona.eu) and she will send you the link of the defence and the instructions.<\/p>\n<p>&nbsp;<\/p>\n","protected":false},"excerpt":{"rendered":"<p>Factores f\u00edsicos y moleculares implicados en la migraci\u00f3n celular y en el desarrollo de la corteza cerebral. Ana L\u00f3pez Mengual, Molecular and cellular neurobiotechnology group Abstract Cell migration acquires special &#8230; <a title=\"PhD Thesis Defence: Ana L\u00f3pez Mengual\" class=\"read-more\" href=\"https:\/\/ibecbarcelona.eu\/ca\/event\/phd-thesis-defence-ana-lopez-mengual\/\" aria-label=\"More on PhD Thesis Defence: Ana L\u00f3pez Mengual\">Read more<\/a><\/p>\n","protected":false},"author":4,"featured_media":0,"template":"","meta":{"_tribe_events_status":"","_tribe_events_status_reason":"","footnotes":""},"tags":[1132,1581,1582],"tribe_events_cat":[367],"class_list":["post-89872","tribe_events","type-tribe_events","status-publish","hentry","tag-jose-antonio-del-rio-ca","tag-molecular-and-cellular-neurobiotechnology-group-ca","tag-thesis-ca","tribe_events_cat-phd-thesis-defence-ca","cat_phd-thesis-defence-ca"],"yoast_head":"<!-- This site is optimized with the Yoast SEO plugin v27.5 - https:\/\/yoast.com\/product\/yoast-seo-wordpress\/ -->\n<title>PhD Thesis Defence: Ana L\u00f3pez Mengual - Institute for Bioengineering of Catalonia<\/title>\n<meta name=\"robots\" content=\"index, follow, max-snippet:-1, max-image-preview:large, max-video-preview:-1\" \/>\n<link rel=\"canonical\" href=\"https:\/\/ibecbarcelona.eu\/ca\/event\/phd-thesis-defence-ana-lopez-mengual\/\" \/>\n<meta property=\"og:locale\" content=\"ca_ES\" \/>\n<meta property=\"og:type\" content=\"article\" \/>\n<meta property=\"og:title\" content=\"PhD Thesis Defence: Ana L\u00f3pez Mengual - Institute for Bioengineering of Catalonia\" \/>\n<meta property=\"og:description\" content=\"Factores f\u00edsicos y moleculares implicados en la migraci\u00f3n celular y en el desarrollo de la corteza cerebral. Ana L\u00f3pez Mengual, Molecular and cellular neurobiotechnology group Abstract Cell migration acquires special ... Read more\" \/>\n<meta property=\"og:url\" content=\"https:\/\/ibecbarcelona.eu\/ca\/event\/phd-thesis-defence-ana-lopez-mengual\/\" \/>\n<meta property=\"og:site_name\" content=\"Institute for Bioengineering of Catalonia\" \/>\n<meta name=\"twitter:card\" content=\"summary_large_image\" \/>\n<meta name=\"twitter:label1\" content=\"Temps estimat de lectura\" \/>\n\t<meta name=\"twitter:data1\" content=\"2 minuts\" \/>\n<script type=\"application\/ld+json\" class=\"yoast-schema-graph\">{\"@context\":\"https:\\\/\\\/schema.org\",\"@graph\":[{\"@type\":\"WebPage\",\"@id\":\"https:\\\/\\\/ibecbarcelona.eu\\\/ca\\\/event\\\/phd-thesis-defence-ana-lopez-mengual\\\/\",\"url\":\"https:\\\/\\\/ibecbarcelona.eu\\\/ca\\\/event\\\/phd-thesis-defence-ana-lopez-mengual\\\/\",\"name\":\"PhD Thesis Defence: Ana L\u00f3pez Mengual - Institute for Bioengineering of Catalonia\",\"isPartOf\":{\"@id\":\"https:\\\/\\\/ibecbarcelona.eu\\\/#website\"},\"datePublished\":\"2022-01-04T12:52:56+00:00\",\"breadcrumb\":{\"@id\":\"https:\\\/\\\/ibecbarcelona.eu\\\/ca\\\/event\\\/phd-thesis-defence-ana-lopez-mengual\\\/#breadcrumb\"},\"inLanguage\":\"ca\",\"potentialAction\":[{\"@type\":\"ReadAction\",\"target\":[\"https:\\\/\\\/ibecbarcelona.eu\\\/ca\\\/event\\\/phd-thesis-defence-ana-lopez-mengual\\\/\"]}]},{\"@type\":\"BreadcrumbList\",\"@id\":\"https:\\\/\\\/ibecbarcelona.eu\\\/ca\\\/event\\\/phd-thesis-defence-ana-lopez-mengual\\\/#breadcrumb\",\"itemListElement\":[{\"@type\":\"ListItem\",\"position\":1,\"name\":\"Home\",\"item\":\"https:\\\/\\\/ibecbarcelona.eu\\\/ca\\\/\"},{\"@type\":\"ListItem\",\"position\":2,\"name\":\"Eventos\",\"item\":\"https:\\\/\\\/ibecbarcelona.eu\\\/es\\\/calendar\\\/\"},{\"@type\":\"ListItem\",\"position\":3,\"name\":\"PhD Thesis Defence: Ana L\u00f3pez Mengual\"}]},{\"@type\":\"WebSite\",\"@id\":\"https:\\\/\\\/ibecbarcelona.eu\\\/#website\",\"url\":\"https:\\\/\\\/ibecbarcelona.eu\\\/\",\"name\":\"Institute for Bioengineering of Catalonia\",\"description\":\"Bioengineering Solutions for Health\",\"publisher\":{\"@id\":\"https:\\\/\\\/ibecbarcelona.eu\\\/#organization\"},\"potentialAction\":[{\"@type\":\"SearchAction\",\"target\":{\"@type\":\"EntryPoint\",\"urlTemplate\":\"https:\\\/\\\/ibecbarcelona.eu\\\/?s={search_term_string}\"},\"query-input\":{\"@type\":\"PropertyValueSpecification\",\"valueRequired\":true,\"valueName\":\"search_term_string\"}}],\"inLanguage\":\"ca\"},{\"@type\":\"Organization\",\"@id\":\"https:\\\/\\\/ibecbarcelona.eu\\\/#organization\",\"name\":\"Institute for Bioengineering of Catalonia\",\"url\":\"https:\\\/\\\/ibecbarcelona.eu\\\/\",\"logo\":{\"@type\":\"ImageObject\",\"inLanguage\":\"ca\",\"@id\":\"https:\\\/\\\/ibecbarcelona.eu\\\/#\\\/schema\\\/logo\\\/image\\\/\",\"url\":\"https:\\\/\\\/ibecbarcelona.eu\\\/wp-content\\\/uploads\\\/2026\\\/01\\\/cropped-IBEC_20ANYS_GRIS.png\",\"contentUrl\":\"https:\\\/\\\/ibecbarcelona.eu\\\/wp-content\\\/uploads\\\/2026\\\/01\\\/cropped-IBEC_20ANYS_GRIS.png\",\"width\":696,\"height\":257,\"caption\":\"Institute for Bioengineering of Catalonia\"},\"image\":{\"@id\":\"https:\\\/\\\/ibecbarcelona.eu\\\/#\\\/schema\\\/logo\\\/image\\\/\"}}]}<\/script>\n<!-- \/ Yoast SEO plugin. -->","yoast_head_json":{"title":"PhD Thesis Defence: Ana L\u00f3pez Mengual - Institute for Bioengineering of Catalonia","robots":{"index":"index","follow":"follow","max-snippet":"max-snippet:-1","max-image-preview":"max-image-preview:large","max-video-preview":"max-video-preview:-1"},"canonical":"https:\/\/ibecbarcelona.eu\/ca\/event\/phd-thesis-defence-ana-lopez-mengual\/","og_locale":"ca_ES","og_type":"article","og_title":"PhD Thesis Defence: Ana L\u00f3pez Mengual - Institute for Bioengineering of Catalonia","og_description":"Factores f\u00edsicos y moleculares implicados en la migraci\u00f3n celular y en el desarrollo de la corteza cerebral. Ana L\u00f3pez Mengual, Molecular and cellular neurobiotechnology group Abstract Cell migration acquires special ... Read more","og_url":"https:\/\/ibecbarcelona.eu\/ca\/event\/phd-thesis-defence-ana-lopez-mengual\/","og_site_name":"Institute for Bioengineering of Catalonia","twitter_card":"summary_large_image","twitter_misc":{"Temps estimat de lectura":"2 minuts"},"schema":{"@context":"https:\/\/schema.org","@graph":[{"@type":"WebPage","@id":"https:\/\/ibecbarcelona.eu\/ca\/event\/phd-thesis-defence-ana-lopez-mengual\/","url":"https:\/\/ibecbarcelona.eu\/ca\/event\/phd-thesis-defence-ana-lopez-mengual\/","name":"PhD Thesis Defence: Ana L\u00f3pez Mengual - Institute for Bioengineering of Catalonia","isPartOf":{"@id":"https:\/\/ibecbarcelona.eu\/#website"},"datePublished":"2022-01-04T12:52:56+00:00","breadcrumb":{"@id":"https:\/\/ibecbarcelona.eu\/ca\/event\/phd-thesis-defence-ana-lopez-mengual\/#breadcrumb"},"inLanguage":"ca","potentialAction":[{"@type":"ReadAction","target":["https:\/\/ibecbarcelona.eu\/ca\/event\/phd-thesis-defence-ana-lopez-mengual\/"]}]},{"@type":"BreadcrumbList","@id":"https:\/\/ibecbarcelona.eu\/ca\/event\/phd-thesis-defence-ana-lopez-mengual\/#breadcrumb","itemListElement":[{"@type":"ListItem","position":1,"name":"Home","item":"https:\/\/ibecbarcelona.eu\/ca\/"},{"@type":"ListItem","position":2,"name":"Eventos","item":"https:\/\/ibecbarcelona.eu\/es\/calendar\/"},{"@type":"ListItem","position":3,"name":"PhD Thesis Defence: Ana L\u00f3pez Mengual"}]},{"@type":"WebSite","@id":"https:\/\/ibecbarcelona.eu\/#website","url":"https:\/\/ibecbarcelona.eu\/","name":"Institute for Bioengineering of Catalonia","description":"Bioengineering Solutions for Health","publisher":{"@id":"https:\/\/ibecbarcelona.eu\/#organization"},"potentialAction":[{"@type":"SearchAction","target":{"@type":"EntryPoint","urlTemplate":"https:\/\/ibecbarcelona.eu\/?s={search_term_string}"},"query-input":{"@type":"PropertyValueSpecification","valueRequired":true,"valueName":"search_term_string"}}],"inLanguage":"ca"},{"@type":"Organization","@id":"https:\/\/ibecbarcelona.eu\/#organization","name":"Institute for Bioengineering of Catalonia","url":"https:\/\/ibecbarcelona.eu\/","logo":{"@type":"ImageObject","inLanguage":"ca","@id":"https:\/\/ibecbarcelona.eu\/#\/schema\/logo\/image\/","url":"https:\/\/ibecbarcelona.eu\/wp-content\/uploads\/2026\/01\/cropped-IBEC_20ANYS_GRIS.png","contentUrl":"https:\/\/ibecbarcelona.eu\/wp-content\/uploads\/2026\/01\/cropped-IBEC_20ANYS_GRIS.png","width":696,"height":257,"caption":"Institute for Bioengineering of Catalonia"},"image":{"@id":"https:\/\/ibecbarcelona.eu\/#\/schema\/logo\/image\/"}}]}},"AFP_featured_media_urls":{"full":false,"thumbnail":false,"medium":false,"medium_large":false,"large":false},"AFP_attachments":[],"AFP_videos":[],"AFP_video_blocks":"","AFP_category_names":[],"_links":{"self":[{"href":"https:\/\/ibecbarcelona.eu\/ca\/wp-json\/wp\/v2\/tribe_events\/89872","targetHints":{"allow":["GET"]}}],"collection":[{"href":"https:\/\/ibecbarcelona.eu\/ca\/wp-json\/wp\/v2\/tribe_events"}],"about":[{"href":"https:\/\/ibecbarcelona.eu\/ca\/wp-json\/wp\/v2\/types\/tribe_events"}],"author":[{"embeddable":true,"href":"https:\/\/ibecbarcelona.eu\/ca\/wp-json\/wp\/v2\/users\/4"}],"version-history":[{"count":0,"href":"https:\/\/ibecbarcelona.eu\/ca\/wp-json\/wp\/v2\/tribe_events\/89872\/revisions"}],"wp:attachment":[{"href":"https:\/\/ibecbarcelona.eu\/ca\/wp-json\/wp\/v2\/media?parent=89872"}],"wp:term":[{"taxonomy":"post_tag","embeddable":true,"href":"https:\/\/ibecbarcelona.eu\/ca\/wp-json\/wp\/v2\/tags?post=89872"},{"taxonomy":"tribe_events_cat","embeddable":true,"href":"https:\/\/ibecbarcelona.eu\/ca\/wp-json\/wp\/v2\/tribe_events_cat?post=89872"}],"curies":[{"name":"wp","href":"https:\/\/api.w.org\/{rel}","templated":true}]}}

PhD Thesis Defence: Ana López Mengual

<h2>Factores físicos y moleculares implicados en la migración celular y en el desarrollo de la corteza cerebral.</h2>
<p><em>Ana López Mengual, <a href="https://ibecbarcelona.eu/neurobiotechnology">Molecular and cellular neurobiotechnology group</a></em></p>
<p><strong>Abstract</strong></p>
<p>Cell migration acquires special relevance during embryonic development and tissue regeneration. During the development of the adult individual, cells multiply, differentiate and mature, having to move to their destination regions through migration. Once the adult individual has formed, these tissues can suffer damage, leading to an altered state. In this process of tissue regeneration, they try to set tissue homeostasis, cell migration is essential. This thesis analyses the mechanical factors involved in cell migration in brain development and neural regeneration, as a fundamental tool to understand these processes. OECs migrate greater distances over CXCL12 functionalized PLA 80/20 nanofibers, thus responding to the chemotactic gradient. Measurements made with by means of BIO-AFM of the mouse embryonic brain reveals differences between the pallium and the subpallium. These differences determine the differential migration rates when transplanting explants of various origins outside their usual site and analysing the migration of Cajal-Retzius cells. In addition, Cajal-Retzius cells respond by calcium entry to the inhibition of mechanosensitive cation channels, changing their migration rate. So, we conclude that physical factors are a key factor involved in the migration and disposition of Cajal-Retzius cells.</p>
<p>&nbsp;</p>
<hr />
<p>&nbsp;</p>
<p>&nbsp;</p>
<p>The public event will take place in the Sala de Graus of the Faculty of Biology of the UB on January 12 at 11:30. If you prefer to attend to this defence virtually, contact with Ana López (alopezm@ibecbarcelona.eu) and she will send you the link of the defence and the instructions.</p>
<p>&nbsp;</p>

<p>Factores físicos y moleculares implicados en la migración celular y en el desarrollo de la corteza cerebral. Ana López Mengual, Molecular and cellular neurobiotechnology group Abstract Cell migration acquires special &#8230; <a title="PhD Thesis Defence: Ana López Mengual" class="read-more" href="https://ibecbarcelona.eu/ca/event/phd-thesis-defence-ana-lopez-mengual/" aria-label="More on PhD Thesis Defence: Ana López Mengual">Read more</a></p>

<!-- This site is optimized with the Yoast SEO plugin v27.5 - https://yoast.com/product/yoast-seo-wordpress/ -->
<title>PhD Thesis Defence: Ana López Mengual - Institute for Bioengineering of Catalonia</title>
<meta name="robots" content="index, follow, max-snippet:-1, max-image-preview:large, max-video-preview:-1" />
<link rel="canonical" href="https://ibecbarcelona.eu/ca/event/phd-thesis-defence-ana-lopez-mengual/" />
<meta property="og:locale" content="ca_ES" />
<meta property="og:type" content="article" />
<meta property="og:title" content="PhD Thesis Defence: Ana López Mengual - Institute for Bioengineering of Catalonia" />
<meta property="og:description" content="Factores físicos y moleculares implicados en la migración celular y en el desarrollo de la corteza cerebral. Ana López Mengual, Molecular and cellular neurobiotechnology group Abstract Cell migration acquires special ... Read more" />
<meta property="og:url" content="https://ibecbarcelona.eu/ca/event/phd-thesis-defence-ana-lopez-mengual/" />
<meta property="og:site_name" content="Institute for Bioengineering of Catalonia" />
<meta name="twitter:card" content="summary_large_image" />
<meta name="twitter:label1" content="Temps estimat de lectura" />
	<meta name="twitter:data1" content="2 minuts" />
<script type="application/ld+json" class="yoast-schema-graph">{"@context":"https:\/\/schema.org","@graph":[{"@type":"WebPage","@id":"https:\/\/ibecbarcelona.eu\/ca\/event\/phd-thesis-defence-ana-lopez-mengual\/","url":"https:\/\/ibecbarcelona.eu\/ca\/event\/phd-thesis-defence-ana-lopez-mengual\/","name":"PhD Thesis Defence: Ana López Mengual - Institute for Bioengineering of Catalonia","isPartOf":{"@id":"https:\/\/ibecbarcelona.eu\/#website"},"datePublished":"2022-01-04T12:52:56+00:00","breadcrumb":{"@id":"https:\/\/ibecbarcelona.eu\/ca\/event\/phd-thesis-defence-ana-lopez-mengual\/#breadcrumb"},"inLanguage":"ca","potentialAction":[{"@type":"ReadAction","target":["https:\/\/ibecbarcelona.eu\/ca\/event\/phd-thesis-defence-ana-lopez-mengual\/"]}]},{"@type":"BreadcrumbList","@id":"https:\/\/ibecbarcelona.eu\/ca\/event\/phd-thesis-defence-ana-lopez-mengual\/#breadcrumb","itemListElement":[{"@type":"ListItem","position":1,"name":"Home","item":"https:\/\/ibecbarcelona.eu\/ca\/"},{"@type":"ListItem","position":2,"name":"Eventos","item":"https:\/\/ibecbarcelona.eu\/es\/calendar\/"},{"@type":"ListItem","position":3,"name":"PhD Thesis Defence: Ana López Mengual"}]},{"@type":"WebSite","@id":"https:\/\/ibecbarcelona.eu\/#website","url":"https:\/\/ibecbarcelona.eu\/","name":"Institute for Bioengineering of Catalonia","description":"Bioengineering Solutions for Health","publisher":{"@id":"https:\/\/ibecbarcelona.eu\/#organization"},"potentialAction":[{"@type":"SearchAction","target":{"@type":"EntryPoint","urlTemplate":"https:\/\/ibecbarcelona.eu\/?s={search_term_string}"},"query-input":{"@type":"PropertyValueSpecification","valueRequired":true,"valueName":"search_term_string"}}],"inLanguage":"ca"},{"@type":"Organization","@id":"https:\/\/ibecbarcelona.eu\/#organization","name":"Institute for Bioengineering of Catalonia","url":"https:\/\/ibecbarcelona.eu\/","logo":{"@type":"ImageObject","inLanguage":"ca","@id":"https:\/\/ibecbarcelona.eu\/#\/schema\/logo\/image\/","url":"https:\/\/ibecbarcelona.eu\/wp-content\/uploads\/2026\/01\/cropped-IBEC_20ANYS_GRIS.png","contentUrl":"https:\/\/ibecbarcelona.eu\/wp-content\/uploads\/2026\/01\/cropped-IBEC_20ANYS_GRIS.png","width":696,"height":257,"caption":"Institute for Bioengineering of Catalonia"},"image":{"@id":"https:\/\/ibecbarcelona.eu\/#\/schema\/logo\/image\/"}}]}</script>
<!-- / Yoast SEO plugin. -->

PhD Thesis Defence: Ana López Mengual - Institute for Bioengineering of Catalonia

Factores físicos y moleculares implicados en la migración celular y en el desarrollo de la corteza cerebral. Ana López Mengual, Molecular and cellular neurobiotechnology group Abstract Cell migration acquires special ... Read more
